). Let x(o) be the first derivative of o**3/3 + 3*o**2 + 6*o + 2. Calculate x(t).
-2
Let r = 8 + 0. Suppose 5*s = 11 - 1, -5*x - 4*s = -r. Let b(o) = o**3 - o - 1. Give b(x).
-1
Let x(v) be the second derivative of v**7/2520 - v**6/144 + v**5/40 - v**4/4 + 2*v. Let h(m) be the third derivative of x(m). Calculate h(3).
-3
Let i(f) = f**3 + f**2 + f + 3. Let h be i(0). Suppose -8 = -h*x - 2. Suppose x*v - 3 = 3. Let p(b) = b - 1. Calculate p(v).
2
Let y = -12 + 6. Let d(b) = -19*b - 5 - 23*b + 61*b - 18*b. Give d(y).
-11
Let g(p) = p**2 + 1 - 3*p**2 + 2263*p - 2262*p. Determine g(-3).
-20
Let a(b) = 4*b - b**3 - 4 + 0 + 0*b + 1. Calculate a(2).
-3
Let v(p) be the second derivative of -1/12*p**4 + 6*p - 1/2*p**3 - 1/2*p**2 + 0. What is v(-4)?
-5
Suppose -3 = -3*f - 0. Let z(w) = -15*w - 1. What is z(f)?
-16
Let j(l) = -l**2 - 2*l + 4. Let a(r) = r + 1. Let z(g) = -4*a(g) + j(g). Let b be 1*((-2 - -1) + 9). Let v(o) = o**2 - 9*o + 3. Let d be v(b). Determine z(d).
5
Let n(i) = -1 + 19*i - 46*i + 31*i. What is n(-1)?
-5
Let u be (-14)/(-3) - 2/(-6). Let p = 1 - u. Let n(c) = -c**3 - 3*c**2 + c - 5. Calculate n(p).
7
Suppose 15 = 5*w - 2*w. Let c(s) = 10 - w - 3 - s. Suppose 5*x + 1 = 3*q + 3, 5*x = -3*q + 8. Give c(x).
1
Let p = -36 + 22. Let s = p - -10. Let o(y) = -y + 1. Calculate o(s).
5
Let x(o) = o + 8. Let h(g) = -4*g - 33. Let r(n) = -2*h(n) - 9*x(n). Give r(-5).
-1
Let y(b) = 8*b**2 - 11*b - 6. Let u(i) = 7*i**2 - 11*i - 6. Let l(k) = -7*u(k) + 6*y(k). Give l(11).
6
Suppose -3*t - 3*n = -6, -5*t - 9 = -5*n - 39. Let g(r) = -t*r**2 + 2*r - r**3 + 4*r + 4 + 2. Suppose 0 = -o + 5 - 10. Determine g(o).
1
Let a(o) = 4 - 9*o**2 - 5*o + 5 - 2 - 3. Let v(x) = 18*x**2 + 9*x - 7. Let q(f) = -5*a(f) - 3*v(f). Give q(1).
-10
Suppose 2*o = -2*o + 12. Let c(n) = -2*n + o*n + n - 2 + n**2. Suppose 9 = h - 4*h. Give c(h).
1
Let f(r) = r**3 - 7*r**2 + 8*r - 9. Let z be f(6). Let h = 6 - z. Suppose x = h*x + 4. Let u(v) = 2*v + 2. Calculate u(x).
-2
Let s(m) = -m**3 + 8*m**2 + 13*m - 7. Let l(i) = -3*i**3 + 24*i**2 + 38*i - 21. Let f(h) = -3*l(h) + 8*s(h). Give f(9).
-2
Let f = 47 + -44. Let w(h) be the third derivative of -h**2 + 0*h + 0 + 1/3*h**f + 1/12*h**4 + 1/60*h**5. Determine w(-2).
2
Let o = 32 - 30. Let k(w) be the first derivative of -4 - 3/2*w**o - 4*w - 1/3*w**3. Calculate k(-3).
-4
Let w = -12 - -7. Let l(r) = -4*r - 3. Let p(b) = 5*b + 3. Let t(a) = 4*l(a) + 3*p(a). Give t(w).
2
Suppose x + 5*f - 18 = 0, f = 4*x - x - 6. Let s(q) = 0*q + 0*q - x - 2*q. Let d be -1 + 2 + (-6)/1. Give s(d).
7
Let r(d) = 7*d - 5. Let o(w) = -3*w + 2. Let v(s) = 5*o(s) + 2*r(s). Give v(-6).
6
Suppose 0 = -4*l + 29 - 5. Suppose -4*m - l = -m. Let i be 2 + m + 7 + -2. Let j(x) = x**3 - 5*x**2 - x - 6. Determine j(i).
-11
Let t(y) = y + 5 - 11 + 2*y**2 + 7 - 3*y**2. Give t(-1).
-1
Suppose -5*c = 38 - 8. Let p(d) = -d - 2. Calculate p(c).
4
Let c be (-4)/16 - (-23)/(-4). Let y(f) = f**3 + 6*f**2 - 2. Determine y(c).
-2
Let c(w) = 3*w**2 - 25*w - 13. Let r(u) = -u**2 + 8*u + 4. Let v(l) = 2*c(l) + 7*r(l). What is v(6)?
2
Let z(p) = -p**2 + 7*p - 7. Let t(h) = -h**3 - 7*h**2 - 8*h - 3. Let o be t(-6). Let s(x) = x**3 - 8*x**2 - 9*x + 6. Let f be s(o). Calculate z(f).
-1
Let q(c) = 10*c**3 - 2*c**2 + 2*c - 1. Suppose 0*a - 3 = -a. Let u = a + -2. What is q(u)?
9
Let t(f) = 7 + f + 2 - 2 - 2*f. Let b(r) = r**3 + 3*r**2 - 11*r. Let p be b(-5). What is t(p)?
2
Suppose d = -0*d. Let f be d - (-1)/2*-2. Let v(n) = -4*n**3 - 4*n**2 + 0 + 1 + 5*n**2 + 2*n. Calculate v(f).
4
Suppose f = -4*u - 4 + 22, 0 = -5*u + 4*f + 12. Let m = 0 + u. Suppose -4*h + m - 16 = 0. Let k(g) = 2*g**2 + 3*g - 3. Give k(h).
6
Let a(n) be the second derivative of -n**3/6 + n**2/2 + 6*n. Determine a(2).
-1
Let d(z) = 2*z + 4. Suppose -3*k = -10*k - 28. Calculate d(k).
-4
Let u(s) = -s**3 - 5*s**2 - 4*s + 5. Let r be 5/(3/(3/1)). Let y(p) = -r*p**2 + 0 - 4*p**3 + 4*p**2 + 1. Let o be y(1). Give u(o).
5
Let b(t) be the second derivative of -t**5/4 + t**3/6 - 2*t + 13. What is b(1)?
-4
Suppose t - 97 = -4*a + 22, t = -a + 26. Let g = a - 17. Suppose 4*s + 2 = -g. Let f(d) = d**2 + 6*d + 1. Give f(s).
-7
Let q = 0 + 5. Let r(l) = -l**2 + 3*l + 7. Give r(q).
-3
Let r be -2*(5/(-10))/(-1). Let s(m) = 2*m + 5. Let d(l) = -l - 2. Let z(p) = 5*d(p) + 2*s(p). Calculate z(r).
1
Let h be 2/9 - 47/9. Let w be h/((-15)/(-9)) - -6. Let l(f) = -2*f + 3. Determine l(w).
-3
Let n be (-2 - -1)*(-1 - -2). Let v(l) be the third derivative of 0*l + l**2 + 0 + 0*l**3 + 7/60*l**5 - 1/24*l**4. Calculate v(n).
8
Let o(y) = -y**2 - 7*y + 17. Let j(f) be the first derivative of f**3 + 21*f**2/2 - 50*f + 3. Let b(s) = 6*j(s) + 17*o(s). Calculate b(-8).
-3
Suppose 2*y - 15 = -y. Let c = 0 + y. Let i(q) = 0*q - c + q + 0. What is i(0)?
-5
Let u(o) be the first derivative of -o**2/2 - 9*o - 15. Give u(-4).
-5
Let y(r) be the second derivative of r**5/20 + 5*r**4/12 + r**3/3 + r**2/2 + 4*r. What is y(-5)?
-9
Let t be 2/(-2) - (1*-5 - -2). Let r(p) be the third derivative of -1/2*p**3 + 1/6*p**4 - 1/60*p**5 + 0*p - p**2 + 0. Determine r(t).
1
Let r(g) = -3 - 4*g - g**3 - 2*g**2 + 3*g**3 - 3*g**3. Let w(j) = 2 - 1 + j - 7. Let i be w(4). Calculate r(i).
5
Suppose -2*a = -22 - 8. Suppose 4*f - a = -f. Suppose f*n + n = 4. Let t(v) = v**2 - v. Give t(n).
0
Let m = -49 - -50. Let f(r) be the third derivative of r**4/24 - 2*r**2. Determine f(m).
1
Let t(k) = -k**3 - 6*k**2 - 5*k - 3. Suppose 3*x + 3 = 0, -5*y = 5*x - 9 - 1. Let j be 2/(-2)*y - 2. Calculate t(j).
-3
Let w(l) be the first derivative of -l**3/3 + 5*l**2/2 + 7*l - 27. Calculate w(7).
-7
Let y(c) = 2*c + 8. Let v(z) = 4*z - 4. Let d be v(3). Let m = d - 14. What is y(m)?
-4
Let s(b) = -b**2 + 7*b - 6. Suppose 3*q = q + 10. Give s(q).
4
Let a = 6 + -1. Suppose -d + 2*r - 4 = -a*d, 0 = -2*d + 2*r + 8. Suppose 5*o + d*v = 21, 3*v + 10 = -2*v. Let i(n) = -n**3 + 6*n**2 - 6*n - 3. What is i(o)?
-8
Let z(p) be the third derivative of p**4/24 - 5*p**2. Let g(u) = -9*u - 4. Let v(h) = -g(h) - 6*z(h). Determine v(-4).
-8
Let b(d) = 6*d - 8. Let z(j) = 7*j - 9. Let y(h) = 6*b(h) - 5*z(h). Calculate y(0).
-3
Suppose 0 = -5*h - 0*h. Suppose h = 6*i - 4*i - 8. Let g(k) = -k**2 + 5*k - 4. Determine g(i).
0
Let v(b) = -4*b - 3. Let m(c) = 2*c - 25. Let w be m(11). What is v(w)?
9
Let c = 5 + -3. Let t(w) be the first derivative of -w**5/20 + w**4/6 + w**3/3 - 3*w**2/2 - 7*w + 8. Let x(m) be the first derivative of t(m). Give x(c).
1
Let s(g) = g**3 - 10*g**2 - 11*g + 3. Let k be s(11). Let p(h) = -7 - k*h**3 - 10*h + 2*h + 2*h**3 + 7*h. Let n be 0/(-5 - -2 - -1). Determine p(n).
-7
Let i(r) be the second derivative of r**7/2520 - r**6/720 + r**5/8 + 2*r**4/3 - 4*r. Let p(v) be the third derivative of i(v). Calculate p(0).
15
Let m(v) be the second derivative of v**3/3 - v**2 + v. Let r = -2 + 9. Suppose 0 = 5*o + r + 3. Give m(o).
-6
Let p(o) = -o**2 + 7*o + 14. Let q be p(9). Let y = 4 + -1. Let k(j) = -j**2 - 2*j - 2. Let t(a) = a**2 + 3*a + 3. Let v(n) = y*k(n) + 4*t(n). Give v(q).
-2
Let y(h) = h**3 + 11*h**2 + 16*h - 12. Let w be y(-9). Let i(k) = -k**2 + 6*k - 8. Calculate i(w).
-8
Let h(p) = -5*p - 2 + 0 - p**2 - 1. Let x(b) = 4*b - 9. Let g be x(6). Suppose -2*f = g - 9. What is h(f)?
3
Let m(n) be the third derivative of 0*n - n**2 + 0 + 1/12*n**4 + 1/3*n**3. Determine m(3).
8
Let c(b) = -3*b - 1. Let d be c(-1). Let j(t) = -t**d + 1 - 2*t**2 + 2*t**2. Determine j(0).
1
Suppose 0 = -b - 0*b. Suppose s + b*s = 3. Let h(g) = -2*g + 3. Determine h(s).
-3
Let i(z) be the second derivative of z**3/6 + 2*z**2 - 3*z. Give i(-3).
1
Let q(n) = n - 1. Let m(w) = -w**2 - 4*w + 7. Let z(x) = m(x) + q(x). Determine z(-5).
-4
Let u be 2/(((-3)/(-3))/(-1)). Let t be (-1 - u)*-1*0. Let a(m) = -3 - m**2 + t*m**2 + 5*m + 0*m**2. What is a(4)?
1
Let b be 91/(-390) + (-2)/(-6). Let h(o) be the second derivative of -2*o + 0*o**3 + 0 + 1/12*o**4 + b*o**5 + 0*o**2. Calculate h(1).
3
Let h(a) = -32*a + 12. Let y(w) = 0 + 0*w + 0 + 13*w - 5. Let r(g) = -5*h(g) - 12*y(g). Give r(-1).
-4
Suppose -4*m = r - 6, -3*r + m + 4 = -6*r. Let n(i) = 2*i**3 + i**2 - i + 1. What is n(r)?
-9
Suppose 0 = -n - 2*j + 8, 0 = 2*n - 4*n - 5*j + 19. Let d(v) = -2*v - 1 + 0*v - v**n + v - 2*v. Determine d(-4).
-5
Let t be (5